{"id":447,"date":"2013-10-12T02:06:02","date_gmt":"2013-10-12T02:06:02","guid":{"rendered":"http:\/\/localhost\/leaf\/wordpress\/?page_id=447"},"modified":"2025-02-06T18:08:48","modified_gmt":"2025-02-06T17:08:48","slug":"contact-us-2","status":"publish","type":"page","link":"https:\/\/uter-utrius.hr\/?page_id=447","title":{"rendered":"Kontakt"},"content":{"rendered":"<div class=\"cols\">\n<div class=\"col-8\">\n<h4>Tu smo za Vas<\/h4>\n<p>Cilj Vam je biti dio sposobnog, dinami\u010dkog i kvalitetnog tima? Smatrate da mo\u017eete unaprijediti vlastito i na\u0161e poslovanje na uzajamnu korist? Trebate samo savjet oko prijevoza ili neku od na\u0161ih kompletnih usluga? \u00a0Dostupni smo i veselimo se Va\u0161em upitu.<br \/>\n\n<div class=\"wpcf7 no-js\" id=\"wpcf7-f4-o1\" lang=\"en-US\" dir=\"ltr\" data-wpcf7-id=\"4\">\n<div class=\"screen-reader-response\"><p role=\"status\" aria-live=\"polite\" aria-atomic=\"true\"><\/p> <ul><\/ul><\/div>\n<form action=\"\/index.php?rest_route=%2Fwp%2Fv2%2Fpages%2F447#wpcf7-f4-o1\" method=\"post\" class=\"wpcf7-form init\" aria-label=\"Contact form\" novalidate=\"novalidate\" data-status=\"init\">\n<fieldset class=\"hidden-fields-container\"><input type=\"hidden\" name=\"_wpcf7\" value=\"4\" \/><input type=\"hidden\" name=\"_wpcf7_version\" value=\"6.1.5\" \/><input type=\"hidden\" name=\"_wpcf7_locale\" value=\"en_US\" \/><input type=\"hidden\" name=\"_wpcf7_unit_tag\" value=\"wpcf7-f4-o1\" \/><input type=\"hidden\" name=\"_wpcf7_container_post\" value=\"0\" \/><input type=\"hidden\" name=\"_wpcf7_posted_data_hash\" value=\"\" \/>\n<\/fieldset>\n<p>Va\u0161e ime (*)\n<\/p>\n<p><span class=\"wpcf7-form-control-wrap\" data-name=\"your-name\"><input size=\"40\" maxlength=\"400\" class=\"wpcf7-form-control wpcf7-text wpcf7-validates-as-required\" aria-required=\"true\" aria-invalid=\"false\" value=\"\" type=\"text\" name=\"your-name\" \/><\/span>\n<\/p>\n<p>Va\u0161 e-mail (*)\n<\/p>\n<p><span class=\"wpcf7-form-control-wrap\" data-name=\"your-email\"><input size=\"40\" maxlength=\"400\" class=\"wpcf7-form-control wpcf7-email wpcf7-validates-as-required wpcf7-text wpcf7-validates-as-email\" aria-required=\"true\" aria-invalid=\"false\" value=\"\" type=\"email\" name=\"your-email\" \/><\/span>\n<\/p>\n<p>Predmet\n<\/p>\n<p><span class=\"wpcf7-form-control-wrap\" data-name=\"your-subject\"><input size=\"40\" maxlength=\"400\" class=\"wpcf7-form-control wpcf7-text\" aria-invalid=\"false\" value=\"\" type=\"text\" name=\"your-subject\" \/><\/span>\n<\/p>\n<p>Poruka\n<\/p>\n<p><span class=\"wpcf7-form-control-wrap\" data-name=\"your-message\"><textarea cols=\"40\" rows=\"10\" maxlength=\"2000\" class=\"wpcf7-form-control wpcf7-textarea\" aria-invalid=\"false\" name=\"your-message\"><\/textarea><\/span>\n<\/p>\n<p><input class=\"wpcf7-form-control wpcf7-submit has-spinner\" type=\"submit\" value=\"Po\u0161alji\" \/>\n<\/p><p style=\"display: none !important;\" class=\"akismet-fields-container\" data-prefix=\"_wpcf7_ak_\"><label>&#916;<textarea name=\"_wpcf7_ak_hp_textarea\" cols=\"45\" rows=\"8\" maxlength=\"100\"><\/textarea><\/label><input type=\"hidden\" id=\"ak_js_1\" name=\"_wpcf7_ak_js\" value=\"74\"\/><script>document.getElementById( \"ak_js_1\" ).setAttribute( \"value\", ( new Date() ).getTime() );<\/script><\/p><div class=\"wpcf7-response-output\" aria-hidden=\"true\"><\/div>\n<\/form>\n<\/div>\n<\/p>\n<h4 class=\"bot-20\">Na\u0161 tim<\/h4>\n<\/div>\n<div class=\"col-4\">\n<div class=\"heading-block \">\n<h4>EU ured<\/h4>\n<\/div>\n<ul class=\"styled-list\">\n<li><i class=\"icon-home\"><\/i>Dragutina Domjani\u0107a 1<\/li>\n<li><i class=\"icon-home\"><\/i>HR-42220 Novi Marof<\/li>\n<li><i class=\"icon-envelope\"><\/i>info@uter-utrius.hr<\/li>\n<li><i class=\"icon-phone-sign\"><\/i>+385 42 611 099<\/li>\n<li><i class=\"icon-mobile-phone\"><\/i>+385 99 201 63 63<\/li>\n<\/ul>\n<div class=\"notification notice top-20\">\n<p>&#8220;Your goods + Our delivery = Maximum value!&#8221;<\/p>\n<\/div>\n<\/div>\n<\/div>\n<div class=\"cols\">\n<div class=\"col-8\">\n<div class=\"user\">\n            <div class=\"user-image\">\n              <img decoding=\"async\" alt=\"Vladimir Hrkovi\u0107\" src=\"https:\/\/uter-utrius.hr\/wp-content\/uploads\/2014\/02\/t-02.jpg\">\n            <\/div>\n            <div class=\"user-info\">\n              <h4>Vladimir Hrkovi\u0107<\/h4>\n              <span class=\"pos\">direktor<\/span>\n              <div class=\"user-social-profile\">\n                <a href=\"mailto:vlado@uter-utrius.hr\"><i class=\"icon-likedin\"><\/i><\/a>\n              <\/div>\n              <p><\/p>\n<p>e-mail:<br \/>\nvlado@uter-utrius.hr<br \/>\nMob: 00385 99 201 63 63<br \/>\nTel.\/Fax: 00385 42 611 099<br \/>\nHR &#8211; 42220 Novi Marof<br \/>\nDragutina Domjani\u0107a 6<\/p>\n            <\/div>\n          <\/div><\/p>\n<\/div>\n<div class=\"col-8\">\n<div class=\"user\">\n            <div class=\"user-image\">\n              <img decoding=\"async\" alt=\"Josip \u010cvrk\" src=\"https:\/\/uter-utrius.hr\/wp-content\/uploads\/2014\/02\/t-02.jpg\">\n            <\/div>\n            <div class=\"user-info\">\n              <h4>Josip \u010cvrk<\/h4>\n              <span class=\"pos\">Logistics and transportation<\/span>\n              <div class=\"user-social-profile\">\n                <a href=\"#\"><i class=\"icon-likedin\"><\/i><\/a>\n              <\/div>\n              <p><\/p>\n<p>e-mail:<br \/>\nlogistika3@uter-utrius.hr<br \/>\nmob: 00385 91 615 6363<br \/>\ntel\/fax: 00385 42 611 099<br \/>\nHR &#8211; 42220 Novi Marof<br \/>\nDragutina Domjani\u0107a 6<\/p>\n            <\/div>\n          <\/div><\/p>\n<\/div>\n<div class=\"col-8\">\n<div class=\"user\">\n            <div class=\"user-image\">\n              <img decoding=\"async\" alt=\"Ivona \u017div\u010dec\" src=\"https:\/\/uter-utrius.hr\/wp-content\/uploads\/2014\/02\/t-01.jpg\">\n            <\/div>\n            <div class=\"user-info\">\n              <h4>Ivona \u017div\u010dec<\/h4>\n              <span class=\"pos\">Logistics and transportation<\/span>\n              <div class=\"user-social-profile\">\n                <a href=\"#\"><i class=\"icon-likedin\"><\/i><\/a>\n              <\/div>\n              <p><\/p>\n<p>e-mail:<br \/>\nlogistika2@uter-utrius.hr<br \/>\nmob: 00385 91 612 6363<br \/>\ntel\/fax: 00385 42 611 099<br \/>\nHR &#8211; 42220 Novi Marof<br \/>\nDragutina Domjani\u0107a 6<\/p>\n            <\/div>\n          <\/div><\/p>\n<\/div>\n<div class=\"col-8\">\n<div class=\"user\">\n            <div class=\"user-image\">\n              <img decoding=\"async\" alt=\"Mihaela \u0160ebijan\" src=\"https:\/\/uter-utrius.hr\/wp-content\/uploads\/2014\/02\/t-01.jpg\">\n            <\/div>\n            <div class=\"user-info\">\n              <h4>Mihaela \u0160ebijan<\/h4>\n              <span class=\"pos\">Logistics and transportation<\/span>\n              <div class=\"user-social-profile\">\n                <a href=\"#\"><i class=\"icon-likedin\"><\/i><\/a>\n              <\/div>\n              <p><\/p>\n<p>e-mail:<br \/>\ntransport2@uter-utrius.hr<br \/>\nmob: 00385 91 201 6363<br \/>\ntel\/fax: 00385 42 611 099<br \/>\nHR &#8211; 42220 Novi Marof<br \/>\nDragutina Domjani\u0107a 6<\/p>\n            <\/div>\n          <\/div><\/p>\n<\/div>\n<div class=\"col-8\">\n<div class=\"user\">\n            <div class=\"user-image\">\n              <img decoding=\"async\" alt=\"Kristijan Pintari\u0107\" src=\"https:\/\/uter-utrius.hr\/wp-content\/uploads\/2014\/02\/t-02.jpg\">\n            <\/div>\n            <div class=\"user-info\">\n              <h4>Kristijan Pintari\u0107<\/h4>\n              <span class=\"pos\">Logistics and transportation<\/span>\n              <div class=\"user-social-profile\">\n                <a href=\"#\"><i class=\"icon-likedin\"><\/i><\/a>\n              <\/div>\n              <p><\/p>\n<p>e-mail:<br \/>\nlogistics@uter-utrius.hr<br \/>\nmob: 00385 91 368 6808<br \/>\ntel\/fax: 00385 42 611 099<br \/>\nHR &#8211; 42220 Novi Marof<br \/>\nDragutina Domjani\u0107a 6<\/p>\n            <\/div>\n          <\/div><\/p>\n<\/div>\n<div class=\"col-8\">\n<div class=\"user\">\n            <div class=\"user-image\">\n              <img decoding=\"async\" alt=\"Alen Vuglove\u010dki\" src=\"https:\/\/uter-utrius.hr\/wp-content\/uploads\/2014\/02\/t-02.jpg\">\n            <\/div>\n            <div class=\"user-info\">\n              <h4>Alen Vuglove\u010dki<\/h4>\n              <span class=\"pos\">Logistics and transportation<\/span>\n              <div class=\"user-social-profile\">\n                <a href=\"#\"><i class=\"icon-likedin\"><\/i><\/a>\n              <\/div>\n              <p><\/p>\n<p>e-mail:<br \/>\nlogistika@uter-utrius.hr<br \/>\nmob: 00385 91 611 6160<br \/>\ntel\/fax: 00385 42 611 099<br \/>\nHR &#8211; 42220 Novi Marof<br \/>\nDragutina Domjani\u0107a 6<\/p>\n            <\/div>\n          <\/div><\/p>\n<\/div>\n<div class=\"col-8\">\n<div class=\"user\">\n            <div class=\"user-image\">\n              <img decoding=\"async\" alt=\"Ru\u017eica Turkovi\u0107\" src=\"https:\/\/uter-utrius.hr\/wp-content\/uploads\/2014\/02\/t-01.jpg\">\n            <\/div>\n            <div class=\"user-info\">\n              <h4>Ru\u017eica Turkovi\u0107<\/h4>\n              <span class=\"pos\">Accounting and finance<\/span>\n              <div class=\"user-social-profile\">\n                <a href=\"#\"><i class=\"icon-likedin\"><\/i><\/a>\n              <\/div>\n              <p><\/p>\n<p>e-mail:<br \/>\ninfo2@uter-utrius.hr<br \/>\nmob: 00385 91 113 06 06<br \/>\ntel\/fax: 00385 42 611 099<br \/>\nHR &#8211; 42220 Novi Marof<br \/>\nDragutina Domjani\u0107a 6<\/p>\n            <\/div>\n          <\/div><\/p>\n<\/div>\n<div class=\"col-8\">\n<div class=\"user\">\n            <div class=\"user-image\">\n              <img decoding=\"async\" alt=\"Adela Ratkovi\u0107\" src=\"https:\/\/uter-utrius.hr\/wp-content\/uploads\/2014\/02\/t-01.jpg\">\n            <\/div>\n            <div class=\"user-info\">\n              <h4>Adela Ratkovi\u0107<\/h4>\n              <span class=\"pos\">Accounting and finance<\/span>\n              <div class=\"user-social-profile\">\n                <a href=\"#\"><i class=\"icon-likedin\"><\/i><\/a>\n              <\/div>\n              <p><\/p>\n<p>e-mail:<br \/>\nlogisztika@uter-utrius.hr<br \/>\nmob: 00385 91 401 63 61<br \/>\ntel\/fax: 00385 42 611 099<br \/>\nHR &#8211; 42220 Novi Marof<br \/>\nDragutina Domjani\u0107a 6<\/p>\n            <\/div>\n          <\/div><\/p>\n<\/div>\n<div class=\"col-8\">\n<div class=\"user\">\n            <div class=\"user-image\">\n              <img decoding=\"async\" alt=\"Nikolina Du\u0161ak\" src=\"https:\/\/uter-utrius.hr\/wp-content\/uploads\/2014\/02\/t-01.jpg\">\n            <\/div>\n            <div class=\"user-info\">\n              <h4>Nikolina Du\u0161ak<\/h4>\n              <span class=\"pos\">Accounting and finance<\/span>\n              <div class=\"user-social-profile\">\n                <a href=\"#\"><i class=\"icon-likedin\"><\/i><\/a>\n              <\/div>\n              <p><\/p>\n<p>e-mail:<br \/>\ntransport2@uter-utrius.hr<br \/>\nmob: 00385 91 381 37 16<br \/>\ntel\/fax: 00385 42 611 099<br \/>\nHR &#8211; 42220 Novi Marof<br \/>\nDragutina Domjani\u0107a 6<\/p>\n            <\/div>\n          <\/div><\/p>\n<\/div>\n<\/div>\n<div id=\"gtx-trans\" style=\"position: absolute; left: -20px; top: 0px;\">\n<div class=\"gtx-trans-icon\"><\/div>\n<\/div>\n","protected":false},"excerpt":{"rendered":"<p>Tu smo za Vas Cilj Vam je biti dio sposobnog, dinami\u010dkog i kvalitetnog tima? Smatrate da mo\u017eete unaprijediti vlastito i na\u0161e poslovanje na uzajamnu korist? Trebate samo savjet oko prijevoza&#8230;<\/p>\n","protected":false},"author":1,"featured_media":0,"parent":0,"menu_order":0,"comment_status":"closed","ping_status":"closed","template":"","meta":{"footnotes":""},"class_list":["post-447","page","type-page","status-publish","hentry"],"yoast_head":"<!-- This site is optimized with the Yoast SEO plugin v27.3 - https:\/\/yoast.com\/product\/yoast-seo-wordpress\/ -->\n<title>Kontakt - Uter Utrius d.o.o.<\/title>\n<meta name=\"robots\" content=\"index, follow, max-snippet:-1, max-image-preview:large, max-video-preview:-1\" \/>\n<link rel=\"canonical\" href=\"https:\/\/uter-utrius.hr\/?page_id=447\" \/>\n<meta property=\"og:locale\" content=\"en_US\" \/>\n<meta property=\"og:type\" content=\"article\" \/>\n<meta property=\"og:title\" content=\"Kontakt - Uter Utrius d.o.o.\" \/>\n<meta property=\"og:description\" content=\"Tu smo za Vas Cilj Vam je biti dio sposobnog, dinami\u010dkog i kvalitetnog tima? Smatrate da mo\u017eete unaprijediti vlastito i na\u0161e poslovanje na uzajamnu korist? Trebate samo savjet oko prijevoza...\" \/>\n<meta property=\"og:url\" content=\"https:\/\/uter-utrius.hr\/?page_id=447\" \/>\n<meta property=\"og:site_name\" content=\"Uter Utrius d.o.o.\" \/>\n<meta property=\"article:modified_time\" content=\"2025-02-06T17:08:48+00:00\" \/>\n<meta name=\"twitter:label1\" content=\"Est. reading time\" \/>\n\t<meta name=\"twitter:data1\" content=\"2 minutes\" \/>\n<script type=\"application\/ld+json\" class=\"yoast-schema-graph\">{\"@context\":\"https:\\\/\\\/schema.org\",\"@graph\":[{\"@type\":\"WebPage\",\"@id\":\"https:\\\/\\\/uter-utrius.hr\\\/?page_id=447\",\"url\":\"https:\\\/\\\/uter-utrius.hr\\\/?page_id=447\",\"name\":\"Kontakt - Uter Utrius d.o.o.\",\"isPartOf\":{\"@id\":\"https:\\\/\\\/uter-utrius.hr\\\/#website\"},\"datePublished\":\"2013-10-12T02:06:02+00:00\",\"dateModified\":\"2025-02-06T17:08:48+00:00\",\"breadcrumb\":{\"@id\":\"https:\\\/\\\/uter-utrius.hr\\\/?page_id=447#breadcrumb\"},\"inLanguage\":\"en-US\",\"potentialAction\":[{\"@type\":\"ReadAction\",\"target\":[\"https:\\\/\\\/uter-utrius.hr\\\/?page_id=447\"]}]},{\"@type\":\"BreadcrumbList\",\"@id\":\"https:\\\/\\\/uter-utrius.hr\\\/?page_id=447#breadcrumb\",\"itemListElement\":[{\"@type\":\"ListItem\",\"position\":1,\"name\":\"Po\u010detna stranica\",\"item\":\"https:\\\/\\\/uter-utrius.hr\\\/\"},{\"@type\":\"ListItem\",\"position\":2,\"name\":\"Kontakt\"}]},{\"@type\":\"WebSite\",\"@id\":\"https:\\\/\\\/uter-utrius.hr\\\/#website\",\"url\":\"https:\\\/\\\/uter-utrius.hr\\\/\",\"name\":\"Uter Utrius d.o.o.\",\"description\":\"Posredni\u0161tvo u prijevozu i trgovini\",\"potentialAction\":[{\"@type\":\"SearchAction\",\"target\":{\"@type\":\"EntryPoint\",\"urlTemplate\":\"https:\\\/\\\/uter-utrius.hr\\\/?s={search_term_string}\"},\"query-input\":{\"@type\":\"PropertyValueSpecification\",\"valueRequired\":true,\"valueName\":\"search_term_string\"}}],\"inLanguage\":\"en-US\"}]}<\/script>\n<!-- \/ Yoast SEO plugin. -->","yoast_head_json":{"title":"Kontakt - Uter Utrius d.o.o.","robots":{"index":"index","follow":"follow","max-snippet":"max-snippet:-1","max-image-preview":"max-image-preview:large","max-video-preview":"max-video-preview:-1"},"canonical":"https:\/\/uter-utrius.hr\/?page_id=447","og_locale":"en_US","og_type":"article","og_title":"Kontakt - Uter Utrius d.o.o.","og_description":"Tu smo za Vas Cilj Vam je biti dio sposobnog, dinami\u010dkog i kvalitetnog tima? Smatrate da mo\u017eete unaprijediti vlastito i na\u0161e poslovanje na uzajamnu korist? Trebate samo savjet oko prijevoza...","og_url":"https:\/\/uter-utrius.hr\/?page_id=447","og_site_name":"Uter Utrius d.o.o.","article_modified_time":"2025-02-06T17:08:48+00:00","twitter_misc":{"Est. reading time":"2 minutes"},"schema":{"@context":"https:\/\/schema.org","@graph":[{"@type":"WebPage","@id":"https:\/\/uter-utrius.hr\/?page_id=447","url":"https:\/\/uter-utrius.hr\/?page_id=447","name":"Kontakt - Uter Utrius d.o.o.","isPartOf":{"@id":"https:\/\/uter-utrius.hr\/#website"},"datePublished":"2013-10-12T02:06:02+00:00","dateModified":"2025-02-06T17:08:48+00:00","breadcrumb":{"@id":"https:\/\/uter-utrius.hr\/?page_id=447#breadcrumb"},"inLanguage":"en-US","potentialAction":[{"@type":"ReadAction","target":["https:\/\/uter-utrius.hr\/?page_id=447"]}]},{"@type":"BreadcrumbList","@id":"https:\/\/uter-utrius.hr\/?page_id=447#breadcrumb","itemListElement":[{"@type":"ListItem","position":1,"name":"Po\u010detna stranica","item":"https:\/\/uter-utrius.hr\/"},{"@type":"ListItem","position":2,"name":"Kontakt"}]},{"@type":"WebSite","@id":"https:\/\/uter-utrius.hr\/#website","url":"https:\/\/uter-utrius.hr\/","name":"Uter Utrius d.o.o.","description":"Posredni\u0161tvo u prijevozu i trgovini","potentialAction":[{"@type":"SearchAction","target":{"@type":"EntryPoint","urlTemplate":"https:\/\/uter-utrius.hr\/?s={search_term_string}"},"query-input":{"@type":"PropertyValueSpecification","valueRequired":true,"valueName":"search_term_string"}}],"inLanguage":"en-US"}]}},"_links":{"self":[{"href":"https:\/\/uter-utrius.hr\/index.php?rest_route=\/wp\/v2\/pages\/447","targetHints":{"allow":["GET"]}}],"collection":[{"href":"https:\/\/uter-utrius.hr\/index.php?rest_route=\/wp\/v2\/pages"}],"about":[{"href":"https:\/\/uter-utrius.hr\/index.php?rest_route=\/wp\/v2\/types\/page"}],"author":[{"embeddable":true,"href":"https:\/\/uter-utrius.hr\/index.php?rest_route=\/wp\/v2\/users\/1"}],"replies":[{"embeddable":true,"href":"https:\/\/uter-utrius.hr\/index.php?rest_route=%2Fwp%2Fv2%2Fcomments&post=447"}],"version-history":[{"count":29,"href":"https:\/\/uter-utrius.hr\/index.php?rest_route=\/wp\/v2\/pages\/447\/revisions"}],"predecessor-version":[{"id":1165,"href":"https:\/\/uter-utrius.hr\/index.php?rest_route=\/wp\/v2\/pages\/447\/revisions\/1165"}],"wp:attachment":[{"href":"https:\/\/uter-utrius.hr\/index.php?rest_route=%2Fwp%2Fv2%2Fmedia&parent=447"}],"curies":[{"name":"wp","href":"https:\/\/api.w.org\/{rel}","templated":true}]}}